{"id":66,"date":"2018-11-13T12:13:22","date_gmt":"2018-11-13T11:13:22","guid":{"rendered":"https:\/\/johannsgroup.lu\/?page_id=66"},"modified":"2026-01-05T15:25:52","modified_gmt":"2026-01-05T14:25:52","slug":"nos-stations","status":"publish","type":"page","link":"https:\/\/johannsgroup.lu\/index.php\/nos-stations\/","title":{"rendered":"Nos stations"},"content":{"rendered":"<h1>NOS STATIONS<\/h1>\n<h3>TotalEnergies Windhof<\/h3>\n<p>Rond-point Wandhaff<\/p>\n<p>L-8399 Windhof<\/p>\n<p>T\u00e9l: 39.52.70<\/p>\n<p>totalenergies.windhof@oliogroup.lu<\/p>\n<h3>TotalEnergies Mondorf<\/h3>\n<p>2, route de Luxembourg<\/p>\n<p>L-5634 Mondorf<\/p>\n<p>T\u00e9l: 23.66.88.45<\/p>\n<p>totalenergies.mondorf@oliogroup.lu<\/p>\n<h3>TotalEnergies Oberpallen<\/h3>\n<p>30, route d&rsquo;Arlon<\/p>\n<p>L-8552 Oberpallen<\/p>\n<p>T\u00e9l: 23.62.92.96<\/p>\n<p>totalenergies.oberpallen@oliogroup.lu<\/p>\n<h3>TotalEnergies Schengen 76<\/h3>\n<p>76, Waistrooss<\/p>\n<p>L-5445 Schengen<\/p>\n<p>T\u00e9l: 23.60.92.92<\/p>\n<p>totalenergies.schengen76@oliogroup.lu<\/p>\n<h3>TotalEnergies Schengen 102<\/h3>\n<p>102, Waistrooss<\/p>\n<p>L-5445 Schengen<\/p>\n<p>T\u00e9l: 23.66.45.78<\/p>\n<p>totalenergies.schengen102@oliogroup.lu<\/p>\n<h3>TotalEnergies Wemperhardt<\/h3>\n<p>6, op der Haart<\/p>\n<p>L-9999 Wemperhardt<\/p>\n<p>T\u00e9l: 26.95.71.71<\/p>\n<p>totalenergies.wemperhardt@oliogroup.lu<\/p>\n<h3>TotalEnergies Bertrange<\/h3>\n<p>28, rue de l&rsquo;Industrie<\/p>\n<p>L-8069 Bertrange<\/p>\n<p>T\u00e9l: 26.31.11.15<\/p>\n<p>totalenergies.bertrange@oliogroup.lu<\/p>\n<h3>Q8 Steinfort<\/h3>\n<p>46, route d&rsquo;Arlon<\/p>\n<p>L-8410 Steinfort<\/p>\n<p>T\u00e9l: 39.50.80<\/p>\n<p>q8.steinfort@oliogroup.lu<\/p>\n\n\n<div class=\"wp-block-group\"><div class=\"wp-block-group__inner-container is-layout-flow wp-block-group-is-layout-flow\"><\/div><\/div>\n\n\n<div class=\"wpgmza-store-locator wpgmza_sl_main_div\" data-id=\"1\">\r\n\t<div class=\"wpgmza-address-container wpgmza-form-field wpgmza_sl_query_div wpgmza-clearfix\">\r\n\t\t<label class=\"wpgmza-address wpgmza-form-field__label wpgmza-form-field__label--float\" data-name=\"addressLabel\" for=\"addressInput\">Code Postal \/ Adresse<\/label>\r\n\t\t<input class=\"wpgmza-address\" type=\"text\" placeholder=\"Utilisez ma localisation\" autocomplete=\"off\" data-name=\"defaultAddress\" value=\"\" id=\"addressInput\" size=\"20\" aria-label=\"Code Postal \/ Adresse\">\r\n\t<\/div>\r\n\t\r\n\t<div class=\"wpgmza-radius-container wpgmza-form-field wpgmza_sl_radius_div wpgmza-clearfix\">\r\n\t\t<label class=\"wpgmza-radius wpgmza-form-field__label wpgmza-form-field__label--float\" for=\"radiusSelect\">\r\n\t\t\tRadius\t\t<\/label>\r\n\t\t<select class=\"wpgmza-radius wpgmza-form-field__input wpgmza_sl_radius_select\" id=\"radiusSelect\" aria-label=\"Radius\"><option class=\"wpgmza-radius wpgmza_sl_select_option\" value=\"1\">1km<\/option><option class=\"wpgmza-radius wpgmza_sl_select_option\" value=\"5\">5km<\/option><option class=\"wpgmza-radius wpgmza_sl_select_option\" value=\"10\" selected>10km<\/option><option class=\"wpgmza-radius wpgmza_sl_select_option\" value=\"25\">25km<\/option><option class=\"wpgmza-radius wpgmza_sl_select_option\" value=\"50\">50km<\/option><option class=\"wpgmza-radius wpgmza_sl_select_option\" value=\"75\">75km<\/option><option class=\"wpgmza-radius wpgmza_sl_select_option\" value=\"100\">100km<\/option><option class=\"wpgmza-radius wpgmza_sl_select_option\" value=\"150\">150km<\/option><option class=\"wpgmza-radius wpgmza_sl_select_option\" value=\"200\">200km<\/option><option class=\"wpgmza-radius wpgmza_sl_select_option\" value=\"300\">300km<\/option><\/select>\r\n\t<\/div>\r\n\t\r\n\t<input class=\"wpgmza-search wpgmza_sl_search_button wpgmza_sl_search_button_1\" value=\"Rechercher\" type=\"button\" onclick=\"searchLocations(1)\">\r\n\t\r\n\t<div class=\"wpgmza-no-results wpgmza-not-found-msg js-not-found-msg\" style=\"display: none;\">\r\n\t\t<p data-name=\"notFoundMessage\">No results found in this location. Please try again.<\/p>\r\n\t<\/div>\r\n<\/div><div id=\"wpgmza_map\" class=\"wpgmza_map\" data-settings='{\"id\":\"1\",\"map_title\":\"Stations\",\"map_width\":\"400\",\"map_height\":\"700\",\"map_start_lat\":\"49.61085211682436\",\"map_start_lng\":\"6.071971307910101\",\"map_start_location\":\"49.659021249999995,5.907097590759461\",\"map_start_zoom\":\"9\",\"default_marker\":\"0\",\"type\":\"1\",\"alignment\":\"1\",\"directions_enabled\":\"1\",\"styling_enabled\":\"0\",\"styling_json\":\"\",\"active\":\"0\",\"kml\":\"\",\"bicycle\":\"0\",\"traffic\":\"0\",\"dbox\":\"1\",\"dbox_width\":\"100\",\"listmarkers\":\"0\",\"listmarkers_advanced\":\"0\",\"filterbycat\":\"0\",\"ugm_enabled\":\"0\",\"ugm_category_enabled\":\"0\",\"fusion\":\"\",\"map_width_type\":\"px\",\"map_height_type\":\"px\",\"mass_marker_support\":\"1\",\"ugm_access\":\"0\",\"order_markers_by\":\"0\",\"order_markers_choice\":\"0\",\"show_user_location\":\"0\",\"default_to\":\"\",\"other_settings\":{\"store_locator_enabled\":true,\"store_locator_distance\":false,\"store_locator_default_radius\":10,\"store_locator_not_found_message\":\"\",\"store_locator_bounce\":1,\"store_locator_query_string\":\"\",\"store_locator_default_address\":\"\",\"wpgmza_store_locator_restrict\":\"\",\"store_locator_style\":\"modern\",\"wpgmza_store_locator_radius_style\":\"modern\",\"map_max_zoom\":\"1\",\"transport_layer\":false,\"wpgmza_theme_data\":\"\",\"wpgmza_show_points_of_interest\":0,\"wpgmza_auto_night\":0,\"action\":\"wpgmza_save_map\",\"redirect_to\":\"\\\/wp-admin\\\/admin-post.php\",\"map_id\":\"1\",\"http_referer\":\"\\\/wp-admin\\\/admin.php?page=wp-google-maps-menu&amp;amp;action=edit&amp;amp;map_id=1\",\"wpgmza_id\":\"1\",\"wpgmza_start_location\":\"49.61085211682436,6.071971307910101\",\"wpgmza_start_zoom\":\"9\",\"store_locator_search_area\":\"radial\",\"wpgmza_store_locator_default_radius\":\"10\",\"store_locator_auto_area_max_zoom\":\"\",\"wpgmza_store_locator_position\":false,\"store_locator_show_distance\":false,\"store_locator_category\":false,\"wpgmza_store_locator_use_their_location\":false,\"wpgmza_store_locator_bounce\":false,\"wpgmza_sl_animation\":null,\"wpgmza_store_locator_hide_before_search\":false,\"store_locator_location_placeholder\":\"\",\"store_locator_name_search\":false,\"store_locator_name_string\":\"\",\"sl_stroke_color\":\"\",\"sl_stroke_opacity\":\"\",\"sl_fill_color\":\"\",\"sl_fill_opacity\":\"\",\"wpgmza_map_align\":\"1\",\"jump_to_nearest_marker_on_initialization\":false,\"automatically_pan_to_users_location\":false,\"override_users_location_zoom_level\":false,\"override_users_location_zoom_levels\":\"\",\"show_distance_from_location\":false,\"map_min_zoom\":\"0\",\"click_open_link\":false,\"fit_maps_bounds_to_markers\":false,\"fit_maps_bounds_to_markers_after_filtering\":false,\"hide_point_of_interest\":false,\"wpgmza_zoom_on_marker_click\":false,\"wpgmza_zoom_on_marker_click_slider\":\"\",\"close_infowindow_on_map_click\":false,\"disable_lightbox_images\":false,\"use_Raw_Jpeg_Coordinates\":false,\"disable_polygon_info_windows\":false,\"enable_marker_ratings\":false,\"only_load_markers_within_viewport\":false,\"iw_primary_color\":\"#000000\",\"iw_accent_color\":\"#000000\",\"iw_text_color\":\"#000000\",\"wpgmza_listmarkers_by\":\"0\",\"wpgmza_marker_listing_position\":false,\"zoom_level_on_marker_listing_override\":false,\"zoom_level_on_marker_listing_click\":\"\",\"marker_listing_disable_zoom\":false,\"datatable_no_result_message\":\"\",\"remove_search_box_datables\":false,\"dataTable_pagination_style\":null,\"datatable_search_string\":\"\",\"datatable_result_start\":\"\",\"datatable_result_of\":\"\",\"datatable_result_to\":\"\",\"datatable_result_total\":\"\",\"datatable_result_show\":\"\",\"datatable_result_entries\":\"\",\"wpgmza_savemap\":\"Enregistrer la carte \\u00bb\",\"enable_marker_labels\":false,\"zoom_level_mobile_override_enabled\":false,\"zoom_level_mobile_override\":\"\"}}' data-map-id='1' Data-maps-engine='open-layers' data-shortcode-attributes='{\"id\":\"1\"}' style=\"display:block; overflow:auto; width:400px; height:700px; float:left;\"><\/div>","protected":false},"excerpt":{"rendered":"<p>NOS STATIONS TotalEnergies Windhof Rond-point Wandhaff L-8399 Windhof T\u00e9l: 39.52.70 totalenergies.windhof@oliogroup.lu TotalEnergies Mondorf 2, route de Luxembourg L-5634 Mondorf T\u00e9l: 23.66.88.45 totalenergies.mondorf@oliogroup.lu TotalEnergies Oberpallen 30, route d&rsquo;Arlon L-8552 Oberpallen T\u00e9l: 23.62.92.96 totalenergies.oberpallen@oliogroup.lu TotalEnergies Schengen 76 76, Waistrooss L-5445 Schengen T\u00e9l: 23.60.92.92 totalenergies.schengen76@oliogroup.lu TotalEnergies Schengen 102 102, Waistrooss L-5445 Schengen T\u00e9l: 23.66.45.78 totalenergies.schengen102@oliogroup.lu TotalEnergies Wemperhardt 6,&hellip; <br \/> <a class=\"read-more\" href=\"https:\/\/johannsgroup.lu\/index.php\/nos-stations\/\">Lire la suite<\/a><\/p>\n","protected":false},"author":1,"featured_media":0,"parent":0,"menu_order":0,"comment_status":"closed","ping_status":"closed","template":"","meta":{"footnotes":""},"class_list":["post-66","page","type-page","status-publish","hentry"],"_links":{"self":[{"href":"https:\/\/johannsgroup.lu\/index.php\/wp-json\/wp\/v2\/pages\/66","targetHints":{"allow":["GET"]}}],"collection":[{"href":"https:\/\/johannsgroup.lu\/index.php\/wp-json\/wp\/v2\/pages"}],"about":[{"href":"https:\/\/johannsgroup.lu\/index.php\/wp-json\/wp\/v2\/types\/page"}],"author":[{"embeddable":true,"href":"https:\/\/johannsgroup.lu\/index.php\/wp-json\/wp\/v2\/users\/1"}],"replies":[{"embeddable":true,"href":"https:\/\/johannsgroup.lu\/index.php\/wp-json\/wp\/v2\/comments?post=66"}],"version-history":[{"count":9,"href":"https:\/\/johannsgroup.lu\/index.php\/wp-json\/wp\/v2\/pages\/66\/revisions"}],"predecessor-version":[{"id":145,"href":"https:\/\/johannsgroup.lu\/index.php\/wp-json\/wp\/v2\/pages\/66\/revisions\/145"}],"wp:attachment":[{"href":"https:\/\/johannsgroup.lu\/index.php\/wp-json\/wp\/v2\/media?parent=66"}],"curies":[{"name":"wp","href":"https:\/\/api.w.org\/{rel}","templated":true}]}}